{"id":95,"date":"2015-01-24T20:14:16","date_gmt":"2015-01-24T20:14:16","guid":{"rendered":"http:\/\/www.headshock.de\/vonrothkirch\/?page_id=95"},"modified":"2015-02-15T18:56:32","modified_gmt":"2015-02-15T18:56:32","slug":"literatur-medien","status":"publish","type":"page","link":"https:\/\/rot-h-kirch.de\/?page_id=95","title":{"rendered":"Literatur \/ Medien"},"content":{"rendered":"<p>Hier finden sich sowohl B\u00fccher, die \u00fcber die Familie oder einzelne ihrer Mitglieder geschrieben wurden als auch B\u00fccher und andere Medien, die von Familienmitgliedern geschaffen wurden. Wo es m\u00f6glich ist, haben wir einen entsprechenden Link f\u00fcr n\u00e4here Informationen oder zum Bestellen eingef\u00fcgt. F\u00fcr Erg\u00e4nzungen sind wir dankbar.<\/p>\n<h4><a title=\"B\u00fccher \u00fcber die Familie\" href=\"http:\/\/www.vonrothkirch.de\/vonrothkirch\/?page_id=396\">B\u00fccher \u00fcber Familienmitglieder<\/a><\/h4>\n<h4><a title=\"Werke von Familienmitgliedern\" href=\"http:\/\/www.vonrothkirch.de\/vonrothkirch\/?page_id=399\"><b>B\u00fccher und andere Werke von Mitgliedern der Familie<\/b><\/a><\/h4>\n<h4><\/h4>\n<p>&nbsp;<\/p>\n","protected":false},"excerpt":{"rendered":"<p>Hier finden sich sowohl B\u00fccher, die \u00fcber die Familie oder einzelne ihrer Mitglieder geschrieben wurden als auch B\u00fccher und andere Medien, die von Familienmitgliedern geschaffen wurden. Wo es m\u00f6glich ist, haben wir einen entsprechenden Link f\u00fcr n\u00e4here Informationen oder zum Bestellen eingef\u00fcgt. F\u00fcr Erg\u00e4nzungen sind wir dankbar. B\u00fccher \u00fcber Familienmitglieder B\u00fccher und andere Werke von &hellip; <a href=\"https:\/\/rot-h-kirch.de\/?page_id=95\" class=\"more-link\"><span class=\"screen-reader-text\">Literatur \/ Medien<\/span> weiterlesen<\/a><\/p>\n","protected":false},"author":1,"featured_media":0,"parent":0,"menu_order":0,"comment_status":"closed","ping_status":"closed","template":"","meta":{"footnotes":""},"_links":{"self":[{"href":"https:\/\/rot-h-kirch.de\/index.php?rest_route=\/wp\/v2\/pages\/95"}],"collection":[{"href":"https:\/\/rot-h-kirch.de\/index.php?rest_route=\/wp\/v2\/pages"}],"about":[{"href":"https:\/\/rot-h-kirch.de\/index.php?rest_route=\/wp\/v2\/types\/page"}],"author":[{"embeddable":true,"href":"https:\/\/rot-h-kirch.de\/index.php?rest_route=\/wp\/v2\/users\/1"}],"replies":[{"embeddable":true,"href":"https:\/\/rot-h-kirch.de\/index.php?rest_route=%2Fwp%2Fv2%2Fcomments&post=95"}],"version-history":[{"count":51,"href":"https:\/\/rot-h-kirch.de\/index.php?rest_route=\/wp\/v2\/pages\/95\/revisions"}],"predecessor-version":[{"id":403,"href":"https:\/\/rot-h-kirch.de\/index.php?rest_route=\/wp\/v2\/pages\/95\/revisions\/403"}],"wp:attachment":[{"href":"https:\/\/rot-h-kirch.de\/index.php?rest_route=%2Fwp%2Fv2%2Fmedia&parent=95"}],"curies":[{"name":"wp","href":"https:\/\/api.w.org\/{rel}","templated":true}]}}