{"id":822,"date":"2020-07-16T20:32:53","date_gmt":"2020-07-16T20:32:53","guid":{"rendered":"https:\/\/rot-h-kirch.de\/?page_id=822"},"modified":"2020-07-17T22:02:00","modified_gmt":"2020-07-17T22:02:00","slug":"friedrich-anton-valerius","status":"publish","type":"page","link":"https:\/\/rot-h-kirch.de\/?page_id=822","title":{"rendered":"Friedrich Anton Valerius"},"content":{"rendered":"\n<p class=\"MsoBodyText\">Friedrich Anton Valerius Freiherr von Rothkirch und Panthen (1.407)<br><br><\/p>\n\n\n\n<p class=\"MsoBodyText\">Verfasser der Familiengeschichte:\u2028<\/p>\n\n\n\n<p class=\"MsoBodyText\"><a rel=\"noreferrer noopener\" href=\"https:\/\/books.google.de\/books?id=_PWSXlnk4qUC&amp;dq=von%20Rothkirch&amp;hl=de&amp;pg=PA114#v=onepage&amp;q=von%20Rothkirch&amp;f=false\" target=\"_blank\">STAMMBUCH DES GESCHLECHTS VON ROTHKIRCH<\/a>. (Volltext-Dokument)<\/p>\n\n\n\n<p class=\"MsoBodyTextFirstIndent2\">\u201eUnser Geschlecht ist ihm zu au\u00dferordentlichem Dank verpflichtet f\u00fcr die Zusammenstellung des Stammbuchs. Mit unendlicher M\u00fche, Sorgfalt und Liebe hat er durch Jahrzehnte in allen Teilen Deutschlands, in denen Rothkirchs gelebt haben, Archive und Kirchenb\u00fccher durchforscht und weder Kosten noch Anstrengungen gescheut.\u201c(1) Dar\u00fcber hinaus hat er die Verbindung mit dem skandinavischen Ast (Linie Sebnitz) des Geschlechts aufgenommen und in Zusammenarbeit mit dem Freiherrn Berndt Adolf Rotkirch (11.303) auf Stensb\u00f6le in Finnland und dem Hofgerichtspr\u00e4sidenten Gustaf Fredrik Rotkirch (II. 335) in Helsingfors die Genealogie der Rotkirchs in Skandinavien zusammengestellt und in das Stammbuch aufgenommen.<\/p>\n\n\n\n<p class=\"MsoBodyTextFirstIndent2\">Valerius wurde am 23.November 1832 in Oels in Schlesien geboren, als viertes Kind und dritter Sohn des Freiherrn Friedrich Carl Heinrich von Rothkirch und Panthen (1.368) und seiner Ehefrau Dorothea Henriette von Tempelhoff.<\/p>\n\n\n\n<p class=\"MsoBodyTextFirstIndent2\">Nach der Erziehung im Elternhaus besuchte er die Schulen in Nieskir und Schweidnitz, danach studierte er in Bonn, wo er gleichzeitig im dortigen K\u00f6nigs-Husaren-Regiment als Einj\u00e4hrig-Freiwilliger diente.<\/p>\n\n\n\n<p class=\"MsoBodyTextFirstIndent2\">Sein Vater hatte ihn zum Nachfolger im Besitz des Majorats Rothkirch bestimmt, den er beim Tod des Vaters am 2.Januar 1847 erhielt und 1854 \u00fcbernahm. Er amtierte daneben als Landes\u00e4ltester von 1859 bis 1867 und als Kreisdeputierter des Liegnitzer Kreises von 1865 bis 1873.<\/p>\n\n\n\n<p class=\"MsoBodyTextFirstIndent2\">1856 wurde Valerius Sek.-Leutnant im 5.Schweren Landwehr-Reiter-Regiment und nahm 1866 als Premier-Leutnant am Feldzug gegen Osterreich teil im K\u00fcrassier-Regiment Nr.5. 1870 nahm er, zum Rittmeister bef\u00f6rdert, als Schwadrons-Chef im 3. Reserve-Dragoner-Regiment am Feldzug gegen Frankreich teil und erwarb das Eiserne Kreuz.<\/p>\n\n\n\n<figure class=\"wp-block-gallery columns-2 is-cropped wp-block-gallery-1 is-layout-flex wp-block-gallery-is-layout-flex\"><ul class=\"blocks-gallery-grid\"><li class=\"blocks-gallery-item\"><figure><img decoding=\"async\" loading=\"lazy\" width=\"573\" height=\"1024\" src=\"https:\/\/i0.wp.com\/rot-h-kirch.de\/wp-content\/uploads\/2020\/07\/Photo616710697579_inner_166-128-618-124-178-917-618-929.jpg?resize=573%2C1024&#038;ssl=1\" alt=\"\" data-id=\"847\" data-full-url=\"https:\/\/rot-h-kirch.de\/wp-content\/uploads\/2020\/07\/Photo616710697579_inner_166-128-618-124-178-917-618-929-scaled.jpg\" data-link=\"https:\/\/rot-h-kirch.de\/?attachment_id=847\" class=\"wp-image-847\" srcset=\"https:\/\/i0.wp.com\/rot-h-kirch.de\/wp-content\/uploads\/2020\/07\/Photo616710697579_inner_166-128-618-124-178-917-618-929-scaled.jpg?resize=573%2C1024&amp;ssl=1 573w, https:\/\/i0.wp.com\/rot-h-kirch.de\/wp-content\/uploads\/2020\/07\/Photo616710697579_inner_166-128-618-124-178-917-618-929-scaled.jpg?resize=168%2C300&amp;ssl=1 168w, https:\/\/i0.wp.com\/rot-h-kirch.de\/wp-content\/uploads\/2020\/07\/Photo616710697579_inner_166-128-618-124-178-917-618-929-scaled.jpg?resize=768%2C1372&amp;ssl=1 768w, https:\/\/i0.wp.com\/rot-h-kirch.de\/wp-content\/uploads\/2020\/07\/Photo616710697579_inner_166-128-618-124-178-917-618-929-scaled.jpg?resize=860%2C1536&amp;ssl=1 860w, https:\/\/i0.wp.com\/rot-h-kirch.de\/wp-content\/uploads\/2020\/07\/Photo616710697579_inner_166-128-618-124-178-917-618-929-scaled.jpg?resize=1146%2C2048&amp;ssl=1 1146w, https:\/\/i0.wp.com\/rot-h-kirch.de\/wp-content\/uploads\/2020\/07\/Photo616710697579_inner_166-128-618-124-178-917-618-929-scaled.jpg?w=1433&amp;ssl=1 1433w, https:\/\/i0.wp.com\/rot-h-kirch.de\/wp-content\/uploads\/2020\/07\/Photo616710697579_inner_166-128-618-124-178-917-618-929-scaled.jpg?w=1320&amp;ssl=1 1320w\" sizes=\"(max-width: 573px) 100vw, 573px\" data-recalc-dims=\"1\" \/><\/figure><\/li><li class=\"blocks-gallery-item\"><figure><img decoding=\"async\" loading=\"lazy\" width=\"570\" height=\"1024\" src=\"https:\/\/i0.wp.com\/rot-h-kirch.de\/wp-content\/uploads\/2020\/07\/Photo616710706532_inner_169-132-615-128-169-925-615-937.jpg?resize=570%2C1024&#038;ssl=1\" alt=\"\" data-id=\"848\" data-full-url=\"https:\/\/rot-h-kirch.de\/wp-content\/uploads\/2020\/07\/Photo616710706532_inner_169-132-615-128-169-925-615-937-scaled.jpg\" data-link=\"https:\/\/rot-h-kirch.de\/?attachment_id=848\" class=\"wp-image-848\" srcset=\"https:\/\/i0.wp.com\/rot-h-kirch.de\/wp-content\/uploads\/2020\/07\/Photo616710706532_inner_169-132-615-128-169-925-615-937-scaled.jpg?resize=570%2C1024&amp;ssl=1 570w, https:\/\/i0.wp.com\/rot-h-kirch.de\/wp-content\/uploads\/2020\/07\/Photo616710706532_inner_169-132-615-128-169-925-615-937-scaled.jpg?resize=167%2C300&amp;ssl=1 167w, https:\/\/i0.wp.com\/rot-h-kirch.de\/wp-content\/uploads\/2020\/07\/Photo616710706532_inner_169-132-615-128-169-925-615-937-scaled.jpg?resize=768%2C1379&amp;ssl=1 768w, https:\/\/i0.wp.com\/rot-h-kirch.de\/wp-content\/uploads\/2020\/07\/Photo616710706532_inner_169-132-615-128-169-925-615-937-scaled.jpg?resize=855%2C1536&amp;ssl=1 855w, https:\/\/i0.wp.com\/rot-h-kirch.de\/wp-content\/uploads\/2020\/07\/Photo616710706532_inner_169-132-615-128-169-925-615-937-scaled.jpg?resize=1140%2C2048&amp;ssl=1 1140w, https:\/\/i0.wp.com\/rot-h-kirch.de\/wp-content\/uploads\/2020\/07\/Photo616710706532_inner_169-132-615-128-169-925-615-937-scaled.jpg?w=1425&amp;ssl=1 1425w, https:\/\/i0.wp.com\/rot-h-kirch.de\/wp-content\/uploads\/2020\/07\/Photo616710706532_inner_169-132-615-128-169-925-615-937-scaled.jpg?w=1320&amp;ssl=1 1320w\" sizes=\"(max-width: 570px) 100vw, 570px\" data-recalc-dims=\"1\" \/><\/figure><\/li><\/ul><\/figure>\n\n\n\n<p class=\"MsoBodyTextFirstIndent2\">Valerius verm\u00e4hlte sich am 28. November 1854 mit Elisabeth Dorothea Albertine von Prittwitz und Gaffron a.d.H. Hennersdorf. Der Ehe entsprossen zwei S\u00f6hne und drei T\u00f6chter, von denen nur die beiden j\u00fcngsten T\u00f6chter ihre Eltern \u00fcberlebten.<\/p>\n\n\n\n<p class=\"MsoBodyTextFirstIndent2\">Erst 46 Jahre alt, erlitt Valerius einen Schlaganfall, \u201evon dem er sich nicht mehr ganz erholen konnte. Er sah sich daher gen\u00f6tigt, durch Vertrag vom 11.Mai 1879 das Majorat an seinen Sohn Hans (1.446) abzutreten und blieb bis zu seinem Tod am 30. September 1883, still und zur\u00fcckgezogen, in Rothkirch wohnen.<\/p>\n\n\n\n<p class=\"MsoBodyTextFirstIndent2\">Die Pflicht der nachfolgenden Generationen ist es, sein Andenken zu ehren, indem sie sein Werk weiterbauen.\u201c(2)<\/p>\n\n\n\n<p class=\"MsoBodyTextFirstIndent2\">(1) F.W.v.Rothkirch, Fortf\u00fchrung des Stammbuchs, S. 48. (2) ebendort.<\/p>\n","protected":false},"excerpt":{"rendered":"<p>Friedrich Anton Valerius Freiherr von Rothkirch und Panthen (1.407) Verfasser der Familiengeschichte:\u2028 STAMMBUCH DES GESCHLECHTS VON ROTHKIRCH. (Volltext-Dokument) \u201eUnser Geschlecht ist ihm zu au\u00dferordentlichem Dank verpflichtet f\u00fcr die Zusammenstellung des Stammbuchs. Mit unendlicher M\u00fche, Sorgfalt und Liebe hat er durch Jahrzehnte in allen Teilen Deutschlands, in denen Rothkirchs gelebt haben, Archive und Kirchenb\u00fccher durchforscht und &hellip; <a href=\"https:\/\/rot-h-kirch.de\/?page_id=822\" class=\"more-link\"><span class=\"screen-reader-text\">Friedrich Anton Valerius<\/span> weiterlesen<\/a><\/p>\n","protected":false},"author":1,"featured_media":0,"parent":89,"menu_order":0,"comment_status":"closed","ping_status":"open","template":"","meta":{"footnotes":""},"_links":{"self":[{"href":"https:\/\/rot-h-kirch.de\/index.php?rest_route=\/wp\/v2\/pages\/822"}],"collection":[{"href":"https:\/\/rot-h-kirch.de\/index.php?rest_route=\/wp\/v2\/pages"}],"about":[{"href":"https:\/\/rot-h-kirch.de\/index.php?rest_route=\/wp\/v2\/types\/page"}],"author":[{"embeddable":true,"href":"https:\/\/rot-h-kirch.de\/index.php?rest_route=\/wp\/v2\/users\/1"}],"replies":[{"embeddable":true,"href":"https:\/\/rot-h-kirch.de\/index.php?rest_route=%2Fwp%2Fv2%2Fcomments&post=822"}],"version-history":[{"count":7,"href":"https:\/\/rot-h-kirch.de\/index.php?rest_route=\/wp\/v2\/pages\/822\/revisions"}],"predecessor-version":[{"id":855,"href":"https:\/\/rot-h-kirch.de\/index.php?rest_route=\/wp\/v2\/pages\/822\/revisions\/855"}],"up":[{"embeddable":true,"href":"https:\/\/rot-h-kirch.de\/index.php?rest_route=\/wp\/v2\/pages\/89"}],"wp:attachment":[{"href":"https:\/\/rot-h-kirch.de\/index.php?rest_route=%2Fwp%2Fv2%2Fmedia&parent=822"}],"curies":[{"name":"wp","href":"https:\/\/api.w.org\/{rel}","templated":true}]}}

<p class="MsoBodyText">Friedrich Anton Valerius Freiherr von Rothkirch und Panthen (1.407)<br><br></p>



<p class="MsoBodyText">Verfasser der Familiengeschichte: </p>



<p class="MsoBodyText"><a rel="noreferrer noopener" href="https://books.google.de/books?id=_PWSXlnk4qUC&amp;dq=von%20Rothkirch&amp;hl=de&amp;pg=PA114#v=onepage&amp;q=von%20Rothkirch&amp;f=false" target="_blank">STAMMBUCH DES GESCHLECHTS VON ROTHKIRCH</a>. (Volltext-Dokument)</p>



<p class="MsoBodyTextFirstIndent2">„Unser Geschlecht ist ihm zu außerordentlichem Dank verpflichtet für die Zusammenstellung des Stammbuchs. Mit unendlicher Mühe, Sorgfalt und Liebe hat er durch Jahrzehnte in allen Teilen Deutschlands, in denen Rothkirchs gelebt haben, Archive und Kirchenbücher durchforscht und weder Kosten noch Anstrengungen gescheut.“(1) Darüber hinaus hat er die Verbindung mit dem skandinavischen Ast (Linie Sebnitz) des Geschlechts aufgenommen und in Zusammenarbeit mit dem Freiherrn Berndt Adolf Rotkirch (11.303) auf Stensböle in Finnland und dem Hofgerichtspräsidenten Gustaf Fredrik Rotkirch (II. 335) in Helsingfors die Genealogie der Rotkirchs in Skandinavien zusammengestellt und in das Stammbuch aufgenommen.</p>



<p class="MsoBodyTextFirstIndent2">Valerius wurde am 23.November 1832 in Oels in Schlesien geboren, als viertes Kind und dritter Sohn des Freiherrn Friedrich Carl Heinrich von Rothkirch und Panthen (1.368) und seiner Ehefrau Dorothea Henriette von Tempelhoff.</p>



<p class="MsoBodyTextFirstIndent2">Nach der Erziehung im Elternhaus besuchte er die Schulen in Nieskir und Schweidnitz, danach studierte er in Bonn, wo er gleichzeitig im dortigen Königs-Husaren-Regiment als Einjährig-Freiwilliger diente.</p>



<p class="MsoBodyTextFirstIndent2">Sein Vater hatte ihn zum Nachfolger im Besitz des Majorats Rothkirch bestimmt, den er beim Tod des Vaters am 2.Januar 1847 erhielt und 1854 übernahm. Er amtierte daneben als Landesältester von 1859 bis 1867 und als Kreisdeputierter des Liegnitzer Kreises von 1865 bis 1873.</p>



<p class="MsoBodyTextFirstIndent2">1856 wurde Valerius Sek.-Leutnant im 5.Schweren Landwehr-Reiter-Regiment und nahm 1866 als Premier-Leutnant am Feldzug gegen Osterreich teil im Kürassier-Regiment Nr.5. 1870 nahm er, zum Rittmeister befördert, als Schwadrons-Chef im 3. Reserve-Dragoner-Regiment am Feldzug gegen Frankreich teil und erwarb das Eiserne Kreuz.</p>



<figure class="wp-block-gallery columns-2 is-cropped wp-block-gallery-1 is-layout-flex wp-block-gallery-is-layout-flex"><ul class="blocks-gallery-grid"><li class="blocks-gallery-item"><figure><img decoding="async" loading="lazy" width="573" height="1024" src="https://i0.wp.com/rot-h-kirch.de/wp-content/uploads/2020/07/Photo616710697579_inner_166-128-618-124-178-917-618-929.jpg?resize=573%2C1024&#038;ssl=1" alt="" data-id="847" data-full-url="https://rot-h-kirch.de/wp-content/uploads/2020/07/Photo616710697579_inner_166-128-618-124-178-917-618-929-scaled.jpg" data-link="https://rot-h-kirch.de/?attachment_id=847" class="wp-image-847" srcset="https://i0.wp.com/rot-h-kirch.de/wp-content/uploads/2020/07/Photo616710697579_inner_166-128-618-124-178-917-618-929-scaled.jpg?resize=573%2C1024&amp;ssl=1 573w, https://i0.wp.com/rot-h-kirch.de/wp-content/uploads/2020/07/Photo616710697579_inner_166-128-618-124-178-917-618-929-scaled.jpg?resize=168%2C300&amp;ssl=1 168w, https://i0.wp.com/rot-h-kirch.de/wp-content/uploads/2020/07/Photo616710697579_inner_166-128-618-124-178-917-618-929-scaled.jpg?resize=768%2C1372&amp;ssl=1 768w, https://i0.wp.com/rot-h-kirch.de/wp-content/uploads/2020/07/Photo616710697579_inner_166-128-618-124-178-917-618-929-scaled.jpg?resize=860%2C1536&amp;ssl=1 860w, https://i0.wp.com/rot-h-kirch.de/wp-content/uploads/2020/07/Photo616710697579_inner_166-128-618-124-178-917-618-929-scaled.jpg?resize=1146%2C2048&amp;ssl=1 1146w, https://i0.wp.com/rot-h-kirch.de/wp-content/uploads/2020/07/Photo616710697579_inner_166-128-618-124-178-917-618-929-scaled.jpg?w=1433&amp;ssl=1 1433w, https://i0.wp.com/rot-h-kirch.de/wp-content/uploads/2020/07/Photo616710697579_inner_166-128-618-124-178-917-618-929-scaled.jpg?w=1320&amp;ssl=1 1320w" sizes="(max-width: 573px) 100vw, 573px" data-recalc-dims="1" /></figure></li><li class="blocks-gallery-item"><figure><img decoding="async" loading="lazy" width="570" height="1024" src="https://i0.wp.com/rot-h-kirch.de/wp-content/uploads/2020/07/Photo616710706532_inner_169-132-615-128-169-925-615-937.jpg?resize=570%2C1024&#038;ssl=1" alt="" data-id="848" data-full-url="https://rot-h-kirch.de/wp-content/uploads/2020/07/Photo616710706532_inner_169-132-615-128-169-925-615-937-scaled.jpg" data-link="https://rot-h-kirch.de/?attachment_id=848" class="wp-image-848" srcset="https://i0.wp.com/rot-h-kirch.de/wp-content/uploads/2020/07/Photo616710706532_inner_169-132-615-128-169-925-615-937-scaled.jpg?resize=570%2C1024&amp;ssl=1 570w, https://i0.wp.com/rot-h-kirch.de/wp-content/uploads/2020/07/Photo616710706532_inner_169-132-615-128-169-925-615-937-scaled.jpg?resize=167%2C300&amp;ssl=1 167w, https://i0.wp.com/rot-h-kirch.de/wp-content/uploads/2020/07/Photo616710706532_inner_169-132-615-128-169-925-615-937-scaled.jpg?resize=768%2C1379&amp;ssl=1 768w, https://i0.wp.com/rot-h-kirch.de/wp-content/uploads/2020/07/Photo616710706532_inner_169-132-615-128-169-925-615-937-scaled.jpg?resize=855%2C1536&amp;ssl=1 855w, https://i0.wp.com/rot-h-kirch.de/wp-content/uploads/2020/07/Photo616710706532_inner_169-132-615-128-169-925-615-937-scaled.jpg?resize=1140%2C2048&amp;ssl=1 1140w, https://i0.wp.com/rot-h-kirch.de/wp-content/uploads/2020/07/Photo616710706532_inner_169-132-615-128-169-925-615-937-scaled.jpg?w=1425&amp;ssl=1 1425w, https://i0.wp.com/rot-h-kirch.de/wp-content/uploads/2020/07/Photo616710706532_inner_169-132-615-128-169-925-615-937-scaled.jpg?w=1320&amp;ssl=1 1320w" sizes="(max-width: 570px) 100vw, 570px" data-recalc-dims="1" /></figure></li></ul></figure>



<p class="MsoBodyTextFirstIndent2">Valerius vermählte sich am 28. November 1854 mit Elisabeth Dorothea Albertine von Prittwitz und Gaffron a.d.H. Hennersdorf. Der Ehe entsprossen zwei Söhne und drei Töchter, von denen nur die beiden jüngsten Töchter ihre Eltern überlebten.</p>



<p class="MsoBodyTextFirstIndent2">Erst 46 Jahre alt, erlitt Valerius einen Schlaganfall, „von dem er sich nicht mehr ganz erholen konnte. Er sah sich daher genötigt, durch Vertrag vom 11.Mai 1879 das Majorat an seinen Sohn Hans (1.446) abzutreten und blieb bis zu seinem Tod am 30. September 1883, still und zurückgezogen, in Rothkirch wohnen.</p>



<p class="MsoBodyTextFirstIndent2">Die Pflicht der nachfolgenden Generationen ist es, sein Andenken zu ehren, indem sie sein Werk weiterbauen.“(2)</p>



<p class="MsoBodyTextFirstIndent2">(1) F.W.v.Rothkirch, Fortführung des Stammbuchs, S. 48. (2) ebendort.</p>

<p>Friedrich Anton Valerius Freiherr von Rothkirch und Panthen (1.407) Verfasser der Familiengeschichte:  STAMMBUCH DES GESCHLECHTS VON ROTHKIRCH. (Volltext-Dokument) „Unser Geschlecht ist ihm zu außerordentlichem Dank verpflichtet für die Zusammenstellung des Stammbuchs. Mit unendlicher Mühe, Sorgfalt und Liebe hat er durch Jahrzehnte in allen Teilen Deutschlands, in denen Rothkirchs gelebt haben, Archive und Kirchenbücher durchforscht und &hellip; <a href="https://rot-h-kirch.de/?page_id=822" class="more-link"><span class="screen-reader-text">Friedrich Anton Valerius</span> weiterlesen</a></p>
