{"id":814,"date":"2020-07-16T20:20:07","date_gmt":"2020-07-16T20:20:07","guid":{"rendered":"https:\/\/rot-h-kirch.de\/?page_id=814"},"modified":"2021-09-20T07:51:46","modified_gmt":"2021-09-20T07:51:46","slug":"gustaf-fredrik","status":"publish","type":"page","link":"https:\/\/rot-h-kirch.de\/?page_id=814","title":{"rendered":"Gustaf Fredrik"},"content":{"rendered":"\n<p class=\"MsoBodyTextFirstIndent\">Gustaf Fredrik stellte f\u00fcr das \u201dStammbuch des Geschlechts von Rothkirch\u201c, das Valerius (1.407) 1879 herausgab, die Genealogie der Sebnitzer Unterlinie Finnland zusammen. Valerius schreibt dar\u00fcber im Stammbuch: ,Die neusten Erg\u00e4nzungen hat mir unser verehrter Herr Vetter, der Pr\u00e4sident Gustaf Fredrik in verwandtschaftlicher Freundlichkeit im Jahr 1879 zukommen lassen.\u201c<br><br><br><br><br><br><br><br><br><br><br><br><br><br><br><\/p>\n\n\n\n<p class=\"MsoHeading7\">MUSEIVERKET FINLAND &#8211; HISTORISCHES BILDARCHIV<\/p>\n\n\n\n<p class=\"MsoBodyTextFirstIndent\"><br>Am 23. Mai 1815 wurde Gustaf Fredrik als Sohn von Anders Gustaf (11.249) und dessen Ehefrau Eva Fredrika Blafjeld auf H\u00e4rk\u00e4l\u00e4 in Vihtis geboren. Nach dem Abitur am Gymnasium in Borga 1832 und dem Richter-Examen 1836 kam er am 20. Juni desselben Jahres als Referendar an das Hofgericht (Oberlandesgericht) von Abo. Am 20. Dezember 1839 wurde er ViceAmtsgerichtsdirektor. Vom 2. Mai 1844 bis 1851 war er Kanzlist am Oberlandesgericht Abo; als Pro-Assessor wurde er dort 1852 Beisitzer und am 14. M\u00e4rz 1854 Protokollsekret\u00e4r im Justizministerium des Senats. Nach verschiedener weiterer Verwendung im Justiz- und Staatsdienst war er von 1968 bis zum 24. Januar 1884 Oberlandesgerichtspr\u00e4sident.<\/p>\n\n\n\n<p class=\"MsoBodyTextFirstIndent\">Gustaf Fredrik verm\u00e4hlte sich am 15. September 1846 in Abo mit seiner Cousine 2. Grades, Aurora Therese Freiin Rotkirch (II.305FW), die am 13. Januar 1821 in Vasa geboren war und am 28. April 1859 an der Schwindsucht starb. Sie war die Tochter des Pr\u00e4sidenten Carl Fredrik Freiherr Rotkirch (II.376FW) und dessen Ehefrau Augusta Fredrika Elisabeth Aminoff. Der ersten Ehe Gustaf Fredriks entstammten die Kinder Augusta Fredrika Mathilda (11.373FW), Gustaf Fredrik (II.374FW), Hedwig Emilie (II.375FW) und Augusta Fredrika Therese (II.376FW). &#8211; In zweiter Ehe verm\u00e4hlte sich Gustaf Fredrik am 5. September 1861 auf Ratula in Artsjb mit seiner Schw\u00e4gerin Sigrid Augusta Gr\u00e4fin Armfeld, der Witwe seines Bruders Carl Wenzel (II.336FW); dieser Ehe entstammte der Sohn Gustaf Alexander (I1.377FW).<\/p>\n","protected":false},"excerpt":{"rendered":"<p>Gustaf Fredrik stellte f\u00fcr das \u201dStammbuch des Geschlechts von Rothkirch\u201c, das Valerius (1.407) 1879 herausgab, die Genealogie der Sebnitzer Unterlinie Finnland zusammen. Valerius schreibt dar\u00fcber im Stammbuch: ,Die neusten Erg\u00e4nzungen hat mir unser verehrter Herr Vetter, der Pr\u00e4sident Gustaf Fredrik in verwandtschaftlicher Freundlichkeit im Jahr 1879 zukommen lassen.\u201c MUSEIVERKET FINLAND &#8211; HISTORISCHES BILDARCHIV Am 23. &hellip; <a href=\"https:\/\/rot-h-kirch.de\/?page_id=814\" class=\"more-link\"><span class=\"screen-reader-text\">Gustaf Fredrik<\/span> weiterlesen<\/a><\/p>\n","protected":false},"author":1,"featured_media":0,"parent":89,"menu_order":0,"comment_status":"closed","ping_status":"open","template":"","meta":{"footnotes":""},"_links":{"self":[{"href":"https:\/\/rot-h-kirch.de\/index.php?rest_route=\/wp\/v2\/pages\/814"}],"collection":[{"href":"https:\/\/rot-h-kirch.de\/index.php?rest_route=\/wp\/v2\/pages"}],"about":[{"href":"https:\/\/rot-h-kirch.de\/index.php?rest_route=\/wp\/v2\/types\/page"}],"author":[{"embeddable":true,"href":"https:\/\/rot-h-kirch.de\/index.php?rest_route=\/wp\/v2\/users\/1"}],"replies":[{"embeddable":true,"href":"https:\/\/rot-h-kirch.de\/index.php?rest_route=%2Fwp%2Fv2%2Fcomments&post=814"}],"version-history":[{"count":2,"href":"https:\/\/rot-h-kirch.de\/index.php?rest_route=\/wp\/v2\/pages\/814\/revisions"}],"predecessor-version":[{"id":893,"href":"https:\/\/rot-h-kirch.de\/index.php?rest_route=\/wp\/v2\/pages\/814\/revisions\/893"}],"up":[{"embeddable":true,"href":"https:\/\/rot-h-kirch.de\/index.php?rest_route=\/wp\/v2\/pages\/89"}],"wp:attachment":[{"href":"https:\/\/rot-h-kirch.de\/index.php?rest_route=%2Fwp%2Fv2%2Fmedia&parent=814"}],"curies":[{"name":"wp","href":"https:\/\/api.w.org\/{rel}","templated":true}]}}

<p class="MsoBodyTextFirstIndent">Gustaf Fredrik stellte für das ”Stammbuch des Geschlechts von Rothkirch“, das Valerius (1.407) 1879 herausgab, die Genealogie der Sebnitzer Unterlinie Finnland zusammen. Valerius schreibt darüber im Stammbuch: ,Die neusten Ergänzungen hat mir unser verehrter Herr Vetter, der Präsident Gustaf Fredrik in verwandtschaftlicher Freundlichkeit im Jahr 1879 zukommen lassen.“<br><br><br><br><br><br><br><br><br><br><br><br><br><br><br></p>



<p class="MsoHeading7">MUSEIVERKET FINLAND &#8211; HISTORISCHES BILDARCHIV</p>



<p class="MsoBodyTextFirstIndent"><br>Am 23. Mai 1815 wurde Gustaf Fredrik als Sohn von Anders Gustaf (11.249) und dessen Ehefrau Eva Fredrika Blafjeld auf Härkälä in Vihtis geboren. Nach dem Abitur am Gymnasium in Borga 1832 und dem Richter-Examen 1836 kam er am 20. Juni desselben Jahres als Referendar an das Hofgericht (Oberlandesgericht) von Abo. Am 20. Dezember 1839 wurde er ViceAmtsgerichtsdirektor. Vom 2. Mai 1844 bis 1851 war er Kanzlist am Oberlandesgericht Abo; als Pro-Assessor wurde er dort 1852 Beisitzer und am 14. März 1854 Protokollsekretär im Justizministerium des Senats. Nach verschiedener weiterer Verwendung im Justiz- und Staatsdienst war er von 1968 bis zum 24. Januar 1884 Oberlandesgerichtspräsident.</p>



<p class="MsoBodyTextFirstIndent">Gustaf Fredrik vermählte sich am 15. September 1846 in Abo mit seiner Cousine 2. Grades, Aurora Therese Freiin Rotkirch (II.305FW), die am 13. Januar 1821 in Vasa geboren war und am 28. April 1859 an der Schwindsucht starb. Sie war die Tochter des Präsidenten Carl Fredrik Freiherr Rotkirch (II.376FW) und dessen Ehefrau Augusta Fredrika Elisabeth Aminoff. Der ersten Ehe Gustaf Fredriks entstammten die Kinder Augusta Fredrika Mathilda (11.373FW), Gustaf Fredrik (II.374FW), Hedwig Emilie (II.375FW) und Augusta Fredrika Therese (II.376FW). &#8211; In zweiter Ehe vermählte sich Gustaf Fredrik am 5. September 1861 auf Ratula in Artsjb mit seiner Schwägerin Sigrid Augusta Gräfin Armfeld, der Witwe seines Bruders Carl Wenzel (II.336FW); dieser Ehe entstammte der Sohn Gustaf Alexander (I1.377FW).</p>

<p>Gustaf Fredrik stellte für das ”Stammbuch des Geschlechts von Rothkirch“, das Valerius (1.407) 1879 herausgab, die Genealogie der Sebnitzer Unterlinie Finnland zusammen. Valerius schreibt darüber im Stammbuch: ,Die neusten Ergänzungen hat mir unser verehrter Herr Vetter, der Präsident Gustaf Fredrik in verwandtschaftlicher Freundlichkeit im Jahr 1879 zukommen lassen.“ MUSEIVERKET FINLAND &#8211; HISTORISCHES BILDARCHIV Am 23. &hellip; <a href="https://rot-h-kirch.de/?page_id=814" class="more-link"><span class="screen-reader-text">Gustaf Fredrik</span> weiterlesen</a></p>
