{"id":584,"date":"2020-07-09T11:11:40","date_gmt":"2020-07-09T11:11:40","guid":{"rendered":"https:\/\/rot-h-kirch.de\/?page_id=584"},"modified":"2020-07-13T21:11:45","modified_gmt":"2020-07-13T21:11:45","slug":"hoenigsdorf","status":"publish","type":"page","link":"https:\/\/rot-h-kirch.de\/?page_id=584","title":{"rendered":"H\u00f6nigsdorf"},"content":{"rendered":"\n<h3 class=\"wp-block-heading\">Das Stammhaus H\u00f6nigsdorf<\/h3>\n\n\n\n<p>H\u00f6nigsdorf (Starowice Dolne) liegt im westlichen Kreis Grottkau (Grodkow). Von der Kreisstadt f\u00e4hrt Tran nach S\u00fcdwesten Richtung Hinsterberg (Ziebice). Nach 5 km ist in Voigtsdorf (Woitovice) der Weg nach links Richtung Endersdorf (Jedrzejow) oder Striegendorf (Strzegow) bzw. Boithmannsdorf (Bogdanow) zu w\u00e4hlen. In dem 2 km vom Abzweig entfernten Endersdorf f\u00fchrt am n\u00f6rdlichen Ende des Dorfangers ein Weg in s\u00fcdlicher Richtung direkt nach H\u00f6nigsdorf.<\/p>\n\n\n\n<p>H\u00f6nigsdorf wurde 1556 durch Wolf (1.35), der nach Oberschlesien \u00fcbergesiedelt war, von Bischof Balthasar von Promnitz, dem Bruder seines Schwiegervaters, erworben. Es blieb \u00fcber zehn Generationen im Rothkirchschen Familienbesitz. Die in \u00d6sterreich lebenden Kinder der Br\u00fcder Anton, Leopold, Leonhard und Franz (1.330-333) allodificierten H\u00f6nigsdorf durch Familienbeschluss 1857 und verkauften es 1863 an einen Major Zimmer, der es 1894 noch besa\u00df. (Vgl. Familiengeschichte d. v. Rothkirch, Band 1, Erster Teil, S. 79ff., 176 und Zweiter Teil S. 1 sowie Schlesisches G\u00fcteradressbuch Jhrg. 1894, 5.365)<\/p>\n\n\n\n<p>Anfang Mai 1990, anl\u00e4sslich eines Johanniter-Hilfsg\u00fctertransportes zur evangelischen Gemeinde in Tschenstochau, besuchten Vetter Dori (1.510) und Vetter Bernhard (1.565) H\u00f6nigsdorf. <\/p>\n\n\n\n<figure class=\"wp-block-image size-large\"><img decoding=\"async\" src=\"https:\/\/i0.wp.com\/rot-h-kirch.de\/wp-content\/uploads\/2020\/07\/Photo8.jpg?w=660&#038;ssl=1\" alt=\"\" class=\"wp-image-643\" data-recalc-dims=\"1\"\/><\/figure>\n\n\n\n<p>Sie fanden das ehemalige Gutshaus, wie Dori schreibt, \u201ein einem Zustand, der es eigentlich nur dem Bauhistoriker erm\u00f6glicht, hier das urspr\u00fcngliche Geb\u00e4ude zu ahnen. Aber alle Anzeichen deuten auf die Tatsache hin, da\u00df es sich um das sehr ver\u00e4nderte Orginalhaus handelt.\u201c &#8211; Weiter fanden die Vettern ein Denkmal mit Heiligenfigur und dem Rothkirch\u2019schen Wappen. M\u00f6glicherweise handelt es sich sich um die Figur des Hlg. Antonius und das Denkmal wurde aus Anla\u00df der<a rel=\"noreferrer noopener\" href=\"https:\/\/de.wikipedia.org\/wiki\/Anton_Ferdinand_von_Rothkirch_und_Panthen\" target=\"_blank\"> Bischofsweihe Antons (1.326)<\/a> am 19. August 1781, errichtet. (vgl. Fam. Gesch. d. v. Rothkirch Band II S. 57.) Leider wurden die deutschen Inschriften nach 1945 polnischerseits entfernt.<\/p>\n\n\n\n<figure class=\"wp-block-gallery columns-3 is-cropped wp-block-gallery-1 is-layout-flex wp-block-gallery-is-layout-flex\"><ul class=\"blocks-gallery-grid\"><li class=\"blocks-gallery-item\"><figure><img decoding=\"async\" loading=\"lazy\" width=\"660\" height=\"972\" src=\"https:\/\/i0.wp.com\/rot-h-kirch.de\/wp-content\/uploads\/2020\/07\/photo616366751399_inner_99-85-673-85-84-941-673-941.jpg?resize=660%2C972&#038;ssl=1\" data-id=\"766\" class=\"wp-image-766\" srcset=\"https:\/\/i0.wp.com\/rot-h-kirch.de\/wp-content\/uploads\/2020\/07\/photo616366751399_inner_99-85-673-85-84-941-673-941.jpg?w=2216&amp;ssl=1 2216w, https:\/\/i0.wp.com\/rot-h-kirch.de\/wp-content\/uploads\/2020\/07\/photo616366751399_inner_99-85-673-85-84-941-673-941.jpg?resize=204%2C300&amp;ssl=1 204w, https:\/\/i0.wp.com\/rot-h-kirch.de\/wp-content\/uploads\/2020\/07\/photo616366751399_inner_99-85-673-85-84-941-673-941.jpg?resize=695%2C1024&amp;ssl=1 695w, https:\/\/i0.wp.com\/rot-h-kirch.de\/wp-content\/uploads\/2020\/07\/photo616366751399_inner_99-85-673-85-84-941-673-941.jpg?w=1320&amp;ssl=1 1320w, https:\/\/i0.wp.com\/rot-h-kirch.de\/wp-content\/uploads\/2020\/07\/photo616366751399_inner_99-85-673-85-84-941-673-941.jpg?w=1980&amp;ssl=1 1980w\" sizes=\"(max-width: 660px) 100vw, 660px\" data-recalc-dims=\"1\" \/><\/figure><\/li><li class=\"blocks-gallery-item\"><figure><img decoding=\"async\" loading=\"lazy\" width=\"660\" height=\"965\" src=\"https:\/\/i0.wp.com\/rot-h-kirch.de\/wp-content\/uploads\/2020\/07\/photo616366737168_inner_140-85-708-89-149-902-697-902.jpg?resize=660%2C965&#038;ssl=1\" data-id=\"765\" class=\"wp-image-765\" srcset=\"https:\/\/i0.wp.com\/rot-h-kirch.de\/wp-content\/uploads\/2020\/07\/photo616366737168_inner_140-85-708-89-149-902-697-902.jpg?w=2233&amp;ssl=1 2233w, https:\/\/i0.wp.com\/rot-h-kirch.de\/wp-content\/uploads\/2020\/07\/photo616366737168_inner_140-85-708-89-149-902-697-902.jpg?resize=205%2C300&amp;ssl=1 205w, https:\/\/i0.wp.com\/rot-h-kirch.de\/wp-content\/uploads\/2020\/07\/photo616366737168_inner_140-85-708-89-149-902-697-902.jpg?resize=701%2C1024&amp;ssl=1 701w, https:\/\/i0.wp.com\/rot-h-kirch.de\/wp-content\/uploads\/2020\/07\/photo616366737168_inner_140-85-708-89-149-902-697-902.jpg?w=1320&amp;ssl=1 1320w, https:\/\/i0.wp.com\/rot-h-kirch.de\/wp-content\/uploads\/2020\/07\/photo616366737168_inner_140-85-708-89-149-902-697-902.jpg?w=1980&amp;ssl=1 1980w\" sizes=\"(max-width: 660px) 100vw, 660px\" data-recalc-dims=\"1\" \/><\/figure><\/li><li class=\"blocks-gallery-item\"><figure><img decoding=\"async\" loading=\"lazy\" width=\"660\" height=\"393\" src=\"https:\/\/i0.wp.com\/rot-h-kirch.de\/wp-content\/uploads\/2020\/07\/photo616366342811_inner_52-101-735-101-46-507-738-515-1.jpg?resize=660%2C393&#038;ssl=1\" data-id=\"764\" class=\"wp-image-764\" srcset=\"https:\/\/i0.wp.com\/rot-h-kirch.de\/wp-content\/uploads\/2020\/07\/photo616366342811_inner_52-101-735-101-46-507-738-515-1.jpg?w=2790&amp;ssl=1 2790w, https:\/\/i0.wp.com\/rot-h-kirch.de\/wp-content\/uploads\/2020\/07\/photo616366342811_inner_52-101-735-101-46-507-738-515-1.jpg?resize=300%2C179&amp;ssl=1 300w, https:\/\/i0.wp.com\/rot-h-kirch.de\/wp-content\/uploads\/2020\/07\/photo616366342811_inner_52-101-735-101-46-507-738-515-1.jpg?resize=1024%2C610&amp;ssl=1 1024w, https:\/\/i0.wp.com\/rot-h-kirch.de\/wp-content\/uploads\/2020\/07\/photo616366342811_inner_52-101-735-101-46-507-738-515-1.jpg?w=1320&amp;ssl=1 1320w, https:\/\/i0.wp.com\/rot-h-kirch.de\/wp-content\/uploads\/2020\/07\/photo616366342811_inner_52-101-735-101-46-507-738-515-1.jpg?w=1980&amp;ssl=1 1980w\" sizes=\"(max-width: 660px) 100vw, 660px\" data-recalc-dims=\"1\" \/><\/figure><\/li><\/ul><\/figure>\n\n\n\n<figure class=\"wp-block-image size-large\"><img decoding=\"async\" loading=\"lazy\" width=\"660\" height=\"788\" src=\"https:\/\/i0.wp.com\/rot-h-kirch.de\/wp-content\/uploads\/2020\/07\/Photo16.jpg?resize=660%2C788&#038;ssl=1\" alt=\"\" class=\"wp-image-628\" srcset=\"https:\/\/i0.wp.com\/rot-h-kirch.de\/wp-content\/uploads\/2020\/07\/Photo16.jpg?w=1181&amp;ssl=1 1181w, https:\/\/i0.wp.com\/rot-h-kirch.de\/wp-content\/uploads\/2020\/07\/Photo16.jpg?resize=251%2C300&amp;ssl=1 251w, https:\/\/i0.wp.com\/rot-h-kirch.de\/wp-content\/uploads\/2020\/07\/Photo16.jpg?resize=858%2C1024&amp;ssl=1 858w, https:\/\/i0.wp.com\/rot-h-kirch.de\/wp-content\/uploads\/2020\/07\/Photo16.jpg?resize=768%2C917&amp;ssl=1 768w\" sizes=\"(max-width: 660px) 100vw, 660px\" data-recalc-dims=\"1\" \/><figcaption>Katholische Kirche<\/figcaption><\/figure>\n","protected":false},"excerpt":{"rendered":"<p>Das Stammhaus H\u00f6nigsdorf H\u00f6nigsdorf (Starowice Dolne) liegt im westlichen Kreis Grottkau (Grodkow). Von der Kreisstadt f\u00e4hrt Tran nach S\u00fcdwesten Richtung Hinsterberg (Ziebice). Nach 5 km ist in Voigtsdorf (Woitovice) der Weg nach links Richtung Endersdorf (Jedrzejow) oder Striegendorf (Strzegow) bzw. Boithmannsdorf (Bogdanow) zu w\u00e4hlen. In dem 2 km vom Abzweig entfernten Endersdorf f\u00fchrt am n\u00f6rdlichen &hellip; <a href=\"https:\/\/rot-h-kirch.de\/?page_id=584\" class=\"more-link\"><span class=\"screen-reader-text\">H\u00f6nigsdorf<\/span> weiterlesen<\/a><\/p>\n","protected":false},"author":1,"featured_media":0,"parent":0,"menu_order":0,"comment_status":"closed","ping_status":"closed","template":"","meta":{"footnotes":""},"_links":{"self":[{"href":"https:\/\/rot-h-kirch.de\/index.php?rest_route=\/wp\/v2\/pages\/584"}],"collection":[{"href":"https:\/\/rot-h-kirch.de\/index.php?rest_route=\/wp\/v2\/pages"}],"about":[{"href":"https:\/\/rot-h-kirch.de\/index.php?rest_route=\/wp\/v2\/types\/page"}],"author":[{"embeddable":true,"href":"https:\/\/rot-h-kirch.de\/index.php?rest_route=\/wp\/v2\/users\/1"}],"replies":[{"embeddable":true,"href":"https:\/\/rot-h-kirch.de\/index.php?rest_route=%2Fwp%2Fv2%2Fcomments&post=584"}],"version-history":[{"count":16,"href":"https:\/\/rot-h-kirch.de\/index.php?rest_route=\/wp\/v2\/pages\/584\/revisions"}],"predecessor-version":[{"id":769,"href":"https:\/\/rot-h-kirch.de\/index.php?rest_route=\/wp\/v2\/pages\/584\/revisions\/769"}],"wp:attachment":[{"href":"https:\/\/rot-h-kirch.de\/index.php?rest_route=%2Fwp%2Fv2%2Fmedia&parent=584"}],"curies":[{"name":"wp","href":"https:\/\/api.w.org\/{rel}","templated":true}]}}