{"id":396,"date":"2015-02-15T11:48:40","date_gmt":"2015-02-15T11:48:40","guid":{"rendered":"http:\/\/www.headshock.de\/vonrothkirch\/?page_id=396"},"modified":"2020-07-11T12:36:18","modified_gmt":"2020-07-11T12:36:18","slug":"buecher-ueber-die-familie","status":"publish","type":"page","link":"https:\/\/rot-h-kirch.de\/?page_id=396","title":{"rendered":"B\u00fccher \u00fcber die Familie"},"content":{"rendered":"<h3><b>B\u00fccher \u00fcber die Familie oder einzelne Mitglieder<\/b><\/h3>\n<p>Zahlreiche der hier genannten B\u00fccher sind vergriffen. Mit Gl\u00fcck lassen sie sich aber in Antiquariaten wie z.B. bei <a href=\"http:\/\/www.zvab.com\" target=\"_blank\" rel=\"noopener noreferrer\">ZVAB<\/a> finden. Auch <a href=\"https:\/\/books.google.de\" target=\"_blank\" rel=\"noopener noreferrer\">Google Books<\/a> ist eine interessante Quelle; hier sind viele historische B\u00fccher im Volltext gespeichert, so z.B. die historische <a href=\"https:\/\/books.google.de\/books?id=_PWSXlnk4qUC&amp;printsec=frontcover&amp;dq=von+Rothkirch&amp;hl=de&amp;sa=X&amp;ved=2ahUKEwj82MfWmMXqAhUM_aQKHcpNB-UQ6AEwAHoECAMQAg#v=onepage&amp;q=von%20Rothkirch&amp;f=false\">Familiengeschichte von Valerius v.R.<\/a> aus dem Jahr 1879.<\/p>\n<p>F\u00fcr Hinweise \u00fcber hier nicht aufgef\u00fchrte Werke sind wir dankbar.<\/p>\n<p><a href=\"\/\/books.google.de\/books?id=l1c7AAAAcAAJ&amp;dq=Von%20rothkirch&amp;hl=de&amp;pg=PA7&amp;output=embed&quot; width=500 height=500&gt;&lt;\/iframe&gt;\" target=\"_blank\" rel=\"noopener noreferrer\"><strong>Carl Franz van der Velde: Die Tartarenschlacht<\/strong><\/a><\/p>\n<p>In diesem historischen Roman schildert der <a href=\"http:\/\/de.wikipedia.org\/wiki\/Carl_Franz_van_der_Velde\" target=\"_blank\" rel=\"noopener noreferrer\">Autor<\/a> (1779-1824) die Ereignisse der Schlacht bei Wahlstatt. Protagonisten des Romans sind Hans und Dorothea von Rothkirch. Der Roman kann vollst\u00e4ndig bei <a href=\"&lt;iframe%20frameborder=&quot;0&quot; scrolling=&quot;no&quot; style=&quot;border:0px&quot; src=&quot;https:\/\/books.google.de\/books?id=l1c7AAAAcAAJ&amp;dq=Von%20rothkirch&amp;hl=de&amp;pg=PA7&amp;output=embed&quot; width=500 height=500&gt;&lt;\/iframe&gt;\">Google Books nachgelesen<\/a> werden.<\/p>\n<p><strong>Elly v. Rothkirch und Panthen: Erinnerungen<\/strong><\/p>\n<p>Vor allem f\u00fcr die\u00a0 Angeh\u00f6rigen des Hauses Schottgau, aber auch f\u00fcr Jeden, der einen lebendigen Einblick in das l\u00e4ndliche Leben in Schlesien vor 1945 gewinnen m\u00f6chte, sind\u00a0 die Erinnerungen von Elly v. Rothkirch (1889-1963) eine authentische Quelle. Christine v. Rekowski-Santos hat sie 2013 digitalisiert und mit rund 70 Portraits, Ansichten, Karten und Stammtafeln illustriert (12 davon farbig), die wir ihr zur Verf\u00fcgung stellen konnten, darunter Fotos der Schottgauer Ahnenbilder, die &#8222;Tante Elly&#8220; noch vor der Flucht aus Schottgau aufgenommen hatte. Das \u00e4lteste zeigt Hiob Heinrich (208, 1682-1748). Er und seine Br\u00fcder waren die Stammv\u00e4ter der f\u00fcnf Linien (H\u00e4user) unserer Familie.<br \/>\nDas in dunkelrotem Leinen gebundene Buch (Format 21&#215;21 cm) umfa\u00dft 156 Seiten. Christine\u00a0v. Rekowski-Santos hat noch einen sechsseitigen Index mit den im Inhalt vorkommenden Namen erarbeitet und angef\u00fcgt, der die Orientierung erleichtert. Das Buch kann im Print-on-demand-Verfahren hier bestellt werden:<br \/>\n<a href=\"http:\/\/www.1buch.de\/1buch\/showBook.php?book=142651\" target=\"_blank\" rel=\"noopener noreferrer\">Mit Farbbildern: 34,- \u20ac<\/a><br \/>\n<a href=\"http:\/\/www.1buch.de\/1buch\/showBook.php?book=142651\" target=\"_blank\" rel=\"noopener noreferrer\">In schwarz\/wei\u00df: 27,- \u20ac<\/a><\/p>\n<p><strong>Postler Jagdalbum<\/strong><br \/>\n<em>G\u00e4stealbum der Jagdgesellschaften 1846-1859 auf Schloss Postel (Schlesien)<\/em><br \/>\nIm Oktober 1846 wurde die erste Seite des Postler Jagdalbums von der illustren J\u00e4gerrunde beschrieben, die vom Gutsherrn Arthur von Salisch\u00a0auf Postel (Schlesien) ins Leben gerufen wurde. Zu dieser Runde z\u00e4hlte auch Oscar v. Rothkirch auf Schottgau. Die Postler Jagd erfreute sich gro\u00dfer Beliebtheit, wurde doch die Jagd mit dem Gesellschaftlichen verbunden, was sich im Postler Jagdalbum in Gedichtform niederschl\u00e4gt. Bilder aus der Feder einiger Jagdgesellen schm\u00fccken den Textfluss und geben einen eindr\u00fccklichen Einblick in die fr\u00f6hlichen Jagdgesellschaften.\u00a0Christine v. Rekowski-Santos hat das Album\u00a02013 digitalisiert. Es kann im Print-on-demand-Verfahren hier bestellt werden:<br \/>\n<a href=\"http:\/\/www.lulu.com\/shop\/chr-v-rekowski\/postler-jagdalbum\/paperback\/product-21001641.html\">Postler Jagdalbum, 156 Seiten, Broschur: \u20ac 10,-<\/a><\/p>\n<p><b>Blessing, Ernst<\/b><br \/>\nFreiherr Friedrich von Rothkirch (Friedrich von Taur) 1826-1886<br \/>\nsein Leben und Werken. Dissertation<br \/>\nSchaffhausen 1926<\/p>\n<p><a href=\"https:\/\/books.google.de\/books?id=_PWSXlnk4qUC&amp;printsec=frontcover&amp;dq=von+Rothkirch&amp;hl=de&amp;sa=X&amp;ved=2ahUKEwj82MfWmMXqAhUM_aQKHcpNB-UQ6AEwAHoECAMQAg#v=onepage&amp;q=von%20Rothkirch&amp;f=false\"><b>Valerius Freiherr von Rothkirch und Panthen<\/b><\/a><br \/>\nStammbuch des Geschlechts von Rothkirch<br \/>\nRothkirch 1879<\/p>\n<p><b>Hassell, Ulrich v.<\/b><\/p>\n<ul>\n<li>Eberhard v. Rothkirch u. Panthen (1852 &#8211; 1911)<br \/>\nEin Lebensbild nach Briefen und Aufzeichnungen<br \/>\nBerlin 1912<\/li>\n<li>Eberhard von Rothkirch und Panthen. Ein F\u00fchrer der m\u00e4nnlichen Jugend<\/li>\n<\/ul>\n<p><b>Zimmermann, Gerhard<\/b><br \/>\nEberhard von Rothkirch &#8211; Ein Vater der deutschen Christlichen Vereine junger M\u00e4nner<br \/>\nGiessen 1958<\/p>\n<p><b>Friedrich Eberhard von Rothkirch und Panthen<\/b><br \/>\nFamiliengeschichte derer von Rothkirch<br \/>\nNeuherausgabe, Celle 1990<\/p>\n<p><b>Karl-Christoph und Malve Graf und Gr\u00e4fin Rothkirch-Trach<\/b><br \/>\nDie Trach`schen Rothkirch &#8222;vor den letzten Zeiten&#8220;<br \/>\nNeust\u00e4dtles 2002<\/p>\n<p><b>Henrik Degerman, Torsten Edgren, Olle Sir\u00e9n<\/b><br \/>\nStensb\u00f6le i Borga &#8211; En herrgard under 700 ar<br \/>\nHelsingfors 2004<\/p>\n<h3><\/h3>\n","protected":false},"excerpt":{"rendered":"<p>B\u00fccher \u00fcber die Familie oder einzelne Mitglieder Zahlreiche der hier genannten B\u00fccher sind vergriffen. Mit Gl\u00fcck lassen sie sich aber in Antiquariaten wie z.B. bei ZVAB finden. Auch Google Books ist eine interessante Quelle; hier sind viele historische B\u00fccher im Volltext gespeichert, so z.B. die historische Familiengeschichte von Valerius v.R. aus dem Jahr 1879. F\u00fcr &hellip; <a href=\"https:\/\/rot-h-kirch.de\/?page_id=396\" class=\"more-link\"><span class=\"screen-reader-text\">B\u00fccher \u00fcber die Familie<\/span> weiterlesen<\/a><\/p>\n","protected":false},"author":1,"featured_media":0,"parent":95,"menu_order":0,"comment_status":"closed","ping_status":"closed","template":"","meta":{"footnotes":""},"_links":{"self":[{"href":"https:\/\/rot-h-kirch.de\/index.php?rest_route=\/wp\/v2\/pages\/396"}],"collection":[{"href":"https:\/\/rot-h-kirch.de\/index.php?rest_route=\/wp\/v2\/pages"}],"about":[{"href":"https:\/\/rot-h-kirch.de\/index.php?rest_route=\/wp\/v2\/types\/page"}],"author":[{"embeddable":true,"href":"https:\/\/rot-h-kirch.de\/index.php?rest_route=\/wp\/v2\/users\/1"}],"replies":[{"embeddable":true,"href":"https:\/\/rot-h-kirch.de\/index.php?rest_route=%2Fwp%2Fv2%2Fcomments&post=396"}],"version-history":[{"count":7,"href":"https:\/\/rot-h-kirch.de\/index.php?rest_route=\/wp\/v2\/pages\/396\/revisions"}],"predecessor-version":[{"id":665,"href":"https:\/\/rot-h-kirch.de\/index.php?rest_route=\/wp\/v2\/pages\/396\/revisions\/665"}],"up":[{"embeddable":true,"href":"https:\/\/rot-h-kirch.de\/index.php?rest_route=\/wp\/v2\/pages\/95"}],"wp:attachment":[{"href":"https:\/\/rot-h-kirch.de\/index.php?rest_route=%2Fwp%2Fv2%2Fmedia&parent=396"}],"curies":[{"name":"wp","href":"https:\/\/api.w.org\/{rel}","templated":true}]}}

Bücher über die Familie

<h3><b>Bücher über die Familie oder einzelne Mitglieder</b></h3>
<p>Zahlreiche der hier genannten Bücher sind vergriffen. Mit Glück lassen sie sich aber in Antiquariaten wie z.B. bei <a href="http://www.zvab.com" target="_blank" rel="noopener noreferrer">ZVAB</a> finden. Auch <a href="https://books.google.de" target="_blank" rel="noopener noreferrer">Google Books</a> ist eine interessante Quelle; hier sind viele historische Bücher im Volltext gespeichert, so z.B. die historische <a href="https://books.google.de/books?id=_PWSXlnk4qUC&amp;printsec=frontcover&amp;dq=von+Rothkirch&amp;hl=de&amp;sa=X&amp;ved=2ahUKEwj82MfWmMXqAhUM_aQKHcpNB-UQ6AEwAHoECAMQAg#v=onepage&amp;q=von%20Rothkirch&amp;f=false">Familiengeschichte von Valerius v.R.</a> aus dem Jahr 1879.</p>
<p>Für Hinweise über hier nicht aufgeführte Werke sind wir dankbar.</p>
<p><a href="//books.google.de/books?id=l1c7AAAAcAAJ&amp;dq=Von%20rothkirch&amp;hl=de&amp;pg=PA7&amp;output=embed&quot; width=500 height=500&gt;&lt;/iframe&gt;" target="_blank" rel="noopener noreferrer"><strong>Carl Franz van der Velde: Die Tartarenschlacht</strong></a></p>
<p>In diesem historischen Roman schildert der <a href="http://de.wikipedia.org/wiki/Carl_Franz_van_der_Velde" target="_blank" rel="noopener noreferrer">Autor</a> (1779-1824) die Ereignisse der Schlacht bei Wahlstatt. Protagonisten des Romans sind Hans und Dorothea von Rothkirch. Der Roman kann vollständig bei <a href="&lt;iframe%20frameborder=&quot;0&quot; scrolling=&quot;no&quot; style=&quot;border:0px&quot; src=&quot;https://books.google.de/books?id=l1c7AAAAcAAJ&amp;dq=Von%20rothkirch&amp;hl=de&amp;pg=PA7&amp;output=embed&quot; width=500 height=500&gt;&lt;/iframe&gt;">Google Books nachgelesen</a> werden.</p>
<p><strong>Elly v. Rothkirch und Panthen: Erinnerungen</strong></p>
<p>Vor allem für die  Angehörigen des Hauses Schottgau, aber auch für Jeden, der einen lebendigen Einblick in das ländliche Leben in Schlesien vor 1945 gewinnen möchte, sind  die Erinnerungen von Elly v. Rothkirch (1889-1963) eine authentische Quelle. Christine v. Rekowski-Santos hat sie 2013 digitalisiert und mit rund 70 Portraits, Ansichten, Karten und Stammtafeln illustriert (12 davon farbig), die wir ihr zur Verfügung stellen konnten, darunter Fotos der Schottgauer Ahnenbilder, die &#8222;Tante Elly&#8220; noch vor der Flucht aus Schottgau aufgenommen hatte. Das älteste zeigt Hiob Heinrich (208, 1682-1748). Er und seine Brüder waren die Stammväter der fünf Linien (Häuser) unserer Familie.<br />
Das in dunkelrotem Leinen gebundene Buch (Format 21&#215;21 cm) umfaßt 156 Seiten. Christine v. Rekowski-Santos hat noch einen sechsseitigen Index mit den im Inhalt vorkommenden Namen erarbeitet und angefügt, der die Orientierung erleichtert. Das Buch kann im Print-on-demand-Verfahren hier bestellt werden:<br />
<a href="http://www.1buch.de/1buch/showBook.php?book=142651" target="_blank" rel="noopener noreferrer">Mit Farbbildern: 34,- €</a><br />
<a href="http://www.1buch.de/1buch/showBook.php?book=142651" target="_blank" rel="noopener noreferrer">In schwarz/weiß: 27,- €</a></p>
<p><strong>Postler Jagdalbum</strong><br />
<em>Gästealbum der Jagdgesellschaften 1846-1859 auf Schloss Postel (Schlesien)</em><br />
Im Oktober 1846 wurde die erste Seite des Postler Jagdalbums von der illustren Jägerrunde beschrieben, die vom Gutsherrn Arthur von Salisch auf Postel (Schlesien) ins Leben gerufen wurde. Zu dieser Runde zählte auch Oscar v. Rothkirch auf Schottgau. Die Postler Jagd erfreute sich großer Beliebtheit, wurde doch die Jagd mit dem Gesellschaftlichen verbunden, was sich im Postler Jagdalbum in Gedichtform niederschlägt. Bilder aus der Feder einiger Jagdgesellen schmücken den Textfluss und geben einen eindrücklichen Einblick in die fröhlichen Jagdgesellschaften. Christine v. Rekowski-Santos hat das Album 2013 digitalisiert. Es kann im Print-on-demand-Verfahren hier bestellt werden:<br />
<a href="http://www.lulu.com/shop/chr-v-rekowski/postler-jagdalbum/paperback/product-21001641.html">Postler Jagdalbum, 156 Seiten, Broschur: € 10,-</a></p>
<p><b>Blessing, Ernst</b><br />
Freiherr Friedrich von Rothkirch (Friedrich von Taur) 1826-1886<br />
sein Leben und Werken. Dissertation<br />
Schaffhausen 1926</p>
<p><a href="https://books.google.de/books?id=_PWSXlnk4qUC&amp;printsec=frontcover&amp;dq=von+Rothkirch&amp;hl=de&amp;sa=X&amp;ved=2ahUKEwj82MfWmMXqAhUM_aQKHcpNB-UQ6AEwAHoECAMQAg#v=onepage&amp;q=von%20Rothkirch&amp;f=false"><b>Valerius Freiherr von Rothkirch und Panthen</b></a><br />
Stammbuch des Geschlechts von Rothkirch<br />
Rothkirch 1879</p>
<p><b>Hassell, Ulrich v.</b></p>
<ul>
<li>Eberhard v. Rothkirch u. Panthen (1852 &#8211; 1911)<br />
Ein Lebensbild nach Briefen und Aufzeichnungen<br />
Berlin 1912</li>
<li>Eberhard von Rothkirch und Panthen. Ein Führer der männlichen Jugend</li>
</ul>
<p><b>Zimmermann, Gerhard</b><br />
Eberhard von Rothkirch &#8211; Ein Vater der deutschen Christlichen Vereine junger Männer<br />
Giessen 1958</p>
<p><b>Friedrich Eberhard von Rothkirch und Panthen</b><br />
Familiengeschichte derer von Rothkirch<br />
Neuherausgabe, Celle 1990</p>
<p><b>Karl-Christoph und Malve Graf und Gräfin Rothkirch-Trach</b><br />
Die Trach`schen Rothkirch &#8222;vor den letzten Zeiten&#8220;<br />
Neustädtles 2002</p>
<p><b>Henrik Degerman, Torsten Edgren, Olle Sirén</b><br />
Stensböle i Borga &#8211; En herrgard under 700 ar<br />
Helsingfors 2004</p>
<h3></h3>

<p>Bücher über die Familie oder einzelne Mitglieder Zahlreiche der hier genannten Bücher sind vergriffen. Mit Glück lassen sie sich aber in Antiquariaten wie z.B. bei ZVAB finden. Auch Google Books ist eine interessante Quelle; hier sind viele historische Bücher im Volltext gespeichert, so z.B. die historische Familiengeschichte von Valerius v.R. aus dem Jahr 1879. Für &hellip; <a href="https://rot-h-kirch.de/?page_id=396" class="more-link"><span class="screen-reader-text">Bücher über die Familie</span> weiterlesen</a></p>
