{"id":330,"date":"2015-02-01T00:33:17","date_gmt":"2015-02-01T00:33:17","guid":{"rendered":"http:\/\/www.headshock.de\/vonrothkirch\/?page_id=330"},"modified":"2017-12-10T22:40:44","modified_gmt":"2017-12-10T22:40:44","slug":"links","status":"publish","type":"page","link":"https:\/\/rot-h-kirch.de\/?page_id=330","title":{"rendered":"Links"},"content":{"rendered":"<p>Interessante Internet &#8211; Seiten mit Bezug zur Familie<\/p>\n<p>Seite des <a href=\"http:\/\/www.rotkirch.com\">Finnischen Familienverbands<\/a><\/p>\n<p>Wikipedia &#8211; Artikel \u00fcber\u00a0<a href=\"http:\/\/de.wikipedia.org\/wiki\/Anton_Ferdinand_von_Rothkirch_und_Panthen\" target=\"_blank\">Anton Ferdinand v. Rothkirch und Panthen<\/a><\/p>\n<p>Bebilderter Aufsatz zur\u00a0<a href=\"http:\/\/www.se-i-ydlitz.de\/PDF%20Dateien\/Die%20Mongolen.pdf\" target=\"_blank\">Geschichte der Mongolen<\/a>\u00a0unter Dschingis Khan, seinen S\u00f6hnen und Enkeln von Alexander von Seydlitz &#8211; Kurzbach<\/p>\n<p>Polnisches &#8211; deutsches Forschungsprojekt &#8222;Szlachta na Slasku &#8211; Adel in Schlesien&#8220; an dem unter Federf\u00fchrung der Universit\u00e4t Breslau seit 2004 mehrere polnische und deutsche Institutionen zusammen arbeiten\u00a0<a href=\"http:\/\/www.vonrothkirch.de\/http\/\/www.szlachta-adel.hist.uni.wroc.pl\" target=\"_blank\">www.szlachta-adel.hist.uni.wroc.pl<\/a><\/p>\n<p>Herr Tomacz Mietlicki, Glogau, hat eine umfangreiche Inventur niederschlesischer Baudenkm\u00e4ler erarbeitet und ver\u00f6ffentlicht mit dem Ziel, seine Landsleute auf die Gef\u00e4hrdung dieses zusehends verfallenden Erbes der Vergangenheit hinzuweisen und f\u00fcr einen verantwortungsbewu\u00dften Umgang mit diesem Erbe zu werben (siehe Vorwort in deutscher \u00dcbersetzung):<br \/>\n<a href=\"http:\/\/www.niederschlesien.info\/\" target=\"_blank\">www.niederschlesien.info<\/a><\/p>\n<p>Unter anderem hat Tomasz Mietlicki mit Hilfe unserer Cousine Dietlind v. Bernuth die Geschichte der ehemaligen Rothkirch`schen H\u00e4user beschrieben (mit zahlreichen Abbildungen):<br \/>\n<a href=\"http:\/\/www.glogow.pl\/okolice\/files\/podstrony\/pod(408).php\" target=\"_blank\">www.glogow.pl\/okolice\/files\/podstrony\/pod(408).php<\/a><\/p>\n<p>Erl\u00e4uterungen zu den Fenstern der Liebfrauenkirche zu Liegnitz:<br \/>\n<a href=\"http:\/\/www.luteranie.pl\/legnica\/fenster.htm\" target=\"_blank\">www.luteranie.pl\/legnica\/fenster.htm<\/a><\/p>\n<p>Internet-Seiten von &#8222;Vettern-Familien&#8220;:<\/p>\n<p><a href=\"http:\/\/www.se-i-ydlitz.de\/\" target=\"_blank\">www.se-i-ydlitz.de<\/a><br \/>\n<a href=\"http:\/\/www.strachwitz.net\/\">www.strachwitz.net<\/a><\/p>\n","protected":false},"excerpt":{"rendered":"<p>Interessante Internet &#8211; Seiten mit Bezug zur Familie Seite des Finnischen Familienverbands Wikipedia &#8211; Artikel \u00fcber\u00a0Anton Ferdinand v. Rothkirch und Panthen Bebilderter Aufsatz zur\u00a0Geschichte der Mongolen\u00a0unter Dschingis Khan, seinen S\u00f6hnen und Enkeln von Alexander von Seydlitz &#8211; Kurzbach Polnisches &#8211; deutsches Forschungsprojekt &#8222;Szlachta na Slasku &#8211; Adel in Schlesien&#8220; an dem unter Federf\u00fchrung der Universit\u00e4t &hellip; <a href=\"https:\/\/rot-h-kirch.de\/?page_id=330\" class=\"more-link\"><span class=\"screen-reader-text\">Links<\/span> weiterlesen<\/a><\/p>\n","protected":false},"author":1,"featured_media":0,"parent":0,"menu_order":0,"comment_status":"closed","ping_status":"closed","template":"","meta":{"footnotes":""},"_links":{"self":[{"href":"https:\/\/rot-h-kirch.de\/index.php?rest_route=\/wp\/v2\/pages\/330"}],"collection":[{"href":"https:\/\/rot-h-kirch.de\/index.php?rest_route=\/wp\/v2\/pages"}],"about":[{"href":"https:\/\/rot-h-kirch.de\/index.php?rest_route=\/wp\/v2\/types\/page"}],"author":[{"embeddable":true,"href":"https:\/\/rot-h-kirch.de\/index.php?rest_route=\/wp\/v2\/users\/1"}],"replies":[{"embeddable":true,"href":"https:\/\/rot-h-kirch.de\/index.php?rest_route=%2Fwp%2Fv2%2Fcomments&post=330"}],"version-history":[{"count":5,"href":"https:\/\/rot-h-kirch.de\/index.php?rest_route=\/wp\/v2\/pages\/330\/revisions"}],"predecessor-version":[{"id":517,"href":"https:\/\/rot-h-kirch.de\/index.php?rest_route=\/wp\/v2\/pages\/330\/revisions\/517"}],"wp:attachment":[{"href":"https:\/\/rot-h-kirch.de\/index.php?rest_route=%2Fwp%2Fv2%2Fmedia&parent=330"}],"curies":[{"name":"wp","href":"https:\/\/api.w.org\/{rel}","templated":true}]}}